{"id":9,"date":"2026-04-18T20:13:39","date_gmt":"2026-04-19T01:13:39","guid":{"rendered":"https:\/\/masterlogisticmc.com\/?page_id=9"},"modified":"2026-04-19T15:10:22","modified_gmt":"2026-04-19T20:10:22","slug":"inicio","status":"publish","type":"page","link":"https:\/\/masterlogisticmc.com\/","title":{"rendered":"Inicio"},"content":{"rendered":"\n<div class=\"wp-block-cover alignfull has-parallax has-neve-link-hover-color-color has-text-color has-link-color wp-elements-a480145231fe241ddc877e9438a5edaf wp-duotone-grayscale\" style=\"min-height:800px;aspect-ratio:unset;\"><div class=\"wp-block-cover__image-background has-parallax\" style=\"background-position:50% 50%;background-image:url(https:\/\/masterlogisticmc.com\/wp-content\/themes\/neve\/assets\/img\/starter-content\/neve-hero-2.png)\"><\/div><span aria-hidden=\"true\" class=\"wp-block-cover__background has-neve-link-hover-color-background-color has-background-dim-0 has-background-dim\"><\/span><div class=\"wp-block-cover__inner-container is-layout-flow wp-block-cover-is-layout-flow\">\n<div class=\"wp-block-columns are-vertically-aligned-center is-layout-flex wp-container-core-columns-is-layout-9d6595d7 wp-block-columns-is-layout-flex\">\n<div class=\"wp-block-column is-vertically-aligned-center is-layout-flow wp-block-column-is-layout-flow\" style=\"padding-right:var(--wp--preset--spacing--20);padding-left:var(--wp--preset--spacing--20);flex-basis:65%\">\n<div style=\"height:80px\" aria-hidden=\"true\" class=\"wp-block-spacer\"><\/div>\n\n\n\n<h1 class=\"wp-block-heading has-text-align-left has-nv-text-dark-bg-color has-text-color\">Movemos lo que importa, con estrategia y tecnolog\u00eda<\/h1>\n\n\n\n<p class=\"has-text-align-left has-nv-text-dark-bg-color has-text-color\" style=\"font-size:17px\">Solucion de transporte ideal a nivel nacional e internacional.<\/p>\n\n\n\n<div class=\"wp-block-buttons is-horizontal is-content-justification-left is-layout-flex wp-container-core-buttons-is-layout-7e5fce0a wp-block-buttons-is-layout-flex\">\n\n<\/div>\n\n\n\n<div style=\"height:100px\" aria-hidden=\"true\" class=\"wp-block-spacer\"><\/div>\n<\/div>\n\n\n\n<div class=\"wp-block-column is-vertically-aligned-center is-layout-flow wp-block-column-is-layout-flow\">\n<figure class=\"wp-block-image size-full\"><img loading=\"lazy\" decoding=\"async\" width=\"2279\" height=\"1786\" src=\"https:\/\/masterlogisticmc.com\/wp-content\/uploads\/2026\/04\/camion-e1776623351300.png\" alt=\"\" class=\"wp-image-41\" srcset=\"https:\/\/masterlogisticmc.com\/wp-content\/uploads\/2026\/04\/camion-e1776623351300.png 2279w, https:\/\/masterlogisticmc.com\/wp-content\/uploads\/2026\/04\/camion-e1776623351300-300x235.png 300w, https:\/\/masterlogisticmc.com\/wp-content\/uploads\/2026\/04\/camion-e1776623351300-1024x802.png 1024w, https:\/\/masterlogisticmc.com\/wp-content\/uploads\/2026\/04\/camion-e1776623351300-768x602.png 768w, https:\/\/masterlogisticmc.com\/wp-content\/uploads\/2026\/04\/camion-e1776623351300-1536x1204.png 1536w, https:\/\/masterlogisticmc.com\/wp-content\/uploads\/2026\/04\/camion-e1776623351300-2048x1605.png 2048w\" sizes=\"auto, (max-width: 2279px) 100vw, 2279px\" \/><\/figure>\n<\/div>\n<\/div>\n<\/div><\/div>\n\n\n\n<div style=\"height:40px\" aria-hidden=\"true\" class=\"wp-block-spacer\"><\/div>\n\n\n\n<div class=\"wp-block-columns is-layout-flex wp-container-core-columns-is-layout-9d6595d7 wp-block-columns-is-layout-flex\">\n<div class=\"wp-block-column neve-duotone is-layout-flow wp-block-column-is-layout-flow\" style=\"padding-right:var(--wp--preset--spacing--30);padding-left:var(--wp--preset--spacing--30)\"><div class=\"wp-block-image icon-style is-style-default wp-duotone-unset-1\">\n<figure class=\"aligncenter size-full is-resized has-custom-border\"><img loading=\"lazy\" decoding=\"async\" width=\"2048\" height=\"2048\" src=\"https:\/\/masterlogisticmc.com\/wp-content\/uploads\/2026\/04\/tech.png\" alt=\"\" class=\"wp-image-54\" style=\"border-radius:0px;width:194px;height:auto\" title=\"\" srcset=\"https:\/\/masterlogisticmc.com\/wp-content\/uploads\/2026\/04\/tech.png 2048w, https:\/\/masterlogisticmc.com\/wp-content\/uploads\/2026\/04\/tech-300x300.png 300w, https:\/\/masterlogisticmc.com\/wp-content\/uploads\/2026\/04\/tech-1024x1024.png 1024w, https:\/\/masterlogisticmc.com\/wp-content\/uploads\/2026\/04\/tech-150x150.png 150w, https:\/\/masterlogisticmc.com\/wp-content\/uploads\/2026\/04\/tech-768x768.png 768w, https:\/\/masterlogisticmc.com\/wp-content\/uploads\/2026\/04\/tech-1536x1536.png 1536w\" sizes=\"auto, (max-width: 2048px) 100vw, 2048px\" \/><\/figure>\n<\/div>\n\n\n<h3 class=\"wp-block-heading has-text-align-center has-neve-text-color-color has-text-color\">Tecnolog\u00eda moderna<\/h3>\n\n\n\n<div style=\"height:20px\" aria-hidden=\"true\" class=\"wp-block-spacer\"><\/div>\n<\/div>\n\n\n\n<div class=\"wp-block-column is-layout-flow wp-block-column-is-layout-flow\" style=\"padding-right:var(--wp--preset--spacing--30);padding-left:var(--wp--preset--spacing--30)\"><div class=\"wp-block-image icon-style is-style-default\">\n<figure class=\"aligncenter size-full is-resized has-custom-border\"><img loading=\"lazy\" decoding=\"async\" width=\"2048\" height=\"2048\" src=\"https:\/\/masterlogisticmc.com\/wp-content\/uploads\/2026\/04\/seguridad.png\" alt=\"\" class=\"wp-image-59\" style=\"border-radius:0px;width:194px;height:auto\" title=\"\" srcset=\"https:\/\/masterlogisticmc.com\/wp-content\/uploads\/2026\/04\/seguridad.png 2048w, https:\/\/masterlogisticmc.com\/wp-content\/uploads\/2026\/04\/seguridad-300x300.png 300w, https:\/\/masterlogisticmc.com\/wp-content\/uploads\/2026\/04\/seguridad-1024x1024.png 1024w, https:\/\/masterlogisticmc.com\/wp-content\/uploads\/2026\/04\/seguridad-150x150.png 150w, https:\/\/masterlogisticmc.com\/wp-content\/uploads\/2026\/04\/seguridad-768x768.png 768w, https:\/\/masterlogisticmc.com\/wp-content\/uploads\/2026\/04\/seguridad-1536x1536.png 1536w\" sizes=\"auto, (max-width: 2048px) 100vw, 2048px\" \/><\/figure>\n<\/div>\n\n\n<h3 class=\"wp-block-heading has-text-align-center has-neve-text-color-color has-text-color\">Seguridad garantizada<\/h3>\n\n\n\n<div style=\"height:20px\" aria-hidden=\"true\" class=\"wp-block-spacer\"><\/div>\n<\/div>\n\n\n\n<div class=\"wp-block-column is-layout-flow wp-block-column-is-layout-flow\" style=\"padding-right:var(--wp--preset--spacing--30);padding-left:var(--wp--preset--spacing--30)\"><div class=\"wp-block-image icon-style is-style-default wp-duotone-unset-2\">\n<figure class=\"aligncenter size-full has-custom-border\"><img loading=\"lazy\" decoding=\"async\" width=\"450\" height=\"400\" src=\"https:\/\/masterlogisticmc.com\/wp-content\/uploads\/2026\/04\/personal.png\" alt=\"\" class=\"wp-image-55\" style=\"border-radius:0px\" title=\"\" srcset=\"https:\/\/masterlogisticmc.com\/wp-content\/uploads\/2026\/04\/personal.png 450w, https:\/\/masterlogisticmc.com\/wp-content\/uploads\/2026\/04\/personal-300x267.png 300w\" sizes=\"auto, (max-width: 450px) 100vw, 450px\" \/><\/figure>\n<\/div>\n\n\n<h3 class=\"wp-block-heading has-text-align-center has-neve-text-color-color has-text-color\">Personal capacitado<\/h3>\n\n\n\n<div style=\"height:20px\" aria-hidden=\"true\" class=\"wp-block-spacer\"><\/div>\n<\/div>\n\n\n\n<div class=\"wp-block-column is-layout-flow wp-block-column-is-layout-flow\" style=\"padding-right:var(--wp--preset--spacing--30);padding-left:var(--wp--preset--spacing--30)\"><div class=\"wp-block-image icon-style is-style-default wp-duotone-unset-3\">\n<figure class=\"aligncenter size-full is-resized has-custom-border\"><img loading=\"lazy\" decoding=\"async\" width=\"2048\" height=\"2048\" src=\"https:\/\/masterlogisticmc.com\/wp-content\/uploads\/2026\/04\/tiempo.png\" alt=\"\" class=\"wp-image-56\" style=\"border-radius:0px;width:192px;height:auto\" title=\"\" srcset=\"https:\/\/masterlogisticmc.com\/wp-content\/uploads\/2026\/04\/tiempo.png 2048w, https:\/\/masterlogisticmc.com\/wp-content\/uploads\/2026\/04\/tiempo-300x300.png 300w, https:\/\/masterlogisticmc.com\/wp-content\/uploads\/2026\/04\/tiempo-1024x1024.png 1024w, https:\/\/masterlogisticmc.com\/wp-content\/uploads\/2026\/04\/tiempo-150x150.png 150w, https:\/\/masterlogisticmc.com\/wp-content\/uploads\/2026\/04\/tiempo-768x768.png 768w, https:\/\/masterlogisticmc.com\/wp-content\/uploads\/2026\/04\/tiempo-1536x1536.png 1536w\" sizes=\"auto, (max-width: 2048px) 100vw, 2048px\" \/><\/figure>\n<\/div>\n\n\n<h3 class=\"wp-block-heading has-text-align-center has-neve-text-color-color has-text-color\">Entregas a tiempo<\/h3>\n\n\n\n<div style=\"height:20px\" aria-hidden=\"true\" class=\"wp-block-spacer\"><\/div>\n<\/div>\n<\/div>\n\n\n\n<div class=\"wp-block-cover alignfull\" style=\"min-height:600px;aspect-ratio:unset;\"><span aria-hidden=\"true\" class=\"wp-block-cover__background has-nv-light-bg-background-color has-background-dim-80 has-background-dim\"><\/span><div class=\"wp-block-cover__inner-container is-layout-flow wp-block-cover-is-layout-flow\">\n<div class=\"wp-block-group\"><div class=\"wp-block-group__inner-container is-layout-flow wp-block-group-is-layout-flow\">\n<div style=\"height:80px\" aria-hidden=\"true\" class=\"wp-block-spacer\"><\/div>\n\n\n\n<div class=\"wp-block-columns is-layout-flex wp-container-core-columns-is-layout-9d6595d7 wp-block-columns-is-layout-flex\">\n<div class=\"wp-block-column is-layout-flow wp-block-column-is-layout-flow\" style=\"padding-right:0;padding-left:0;flex-basis:20%\">\n<div class=\"wp-block-group is-vertical is-content-justification-center is-layout-flex wp-container-core-group-is-layout-4b2eccd6 wp-block-group-is-layout-flex\"><\/div>\n<\/div>\n\n\n\n<div class=\"wp-block-column is-layout-flow wp-block-column-is-layout-flow\" style=\"flex-basis:60%\">\n<div class=\"wp-block-group is-vertical is-content-justification-center is-layout-flex wp-container-core-group-is-layout-4b2eccd6 wp-block-group-is-layout-flex\">\n<h2 class=\"wp-block-heading has-text-align-center has-neve-text-color-color has-text-color has-link-color wp-elements-246a8ba89fd96bb7112a48ddd7eb2ddb\">Servicios<\/h2>\n\n\n\n<p class=\"has-text-align-center has-neve-text-color-color has-text-color has-link-color wp-elements-5838a6549fdcaadbe29a3ff8e0941bcd\">Ofrecemos servicios de transporte pesado seguros y eficientes, garantizando entregas puntuales y el cuidado de cada carga.<\/p>\n\n\n\n<div style=\"height:0px\" aria-hidden=\"true\" class=\"wp-block-spacer wp-container-content-541a6b20\"><\/div>\n<\/div>\n<\/div>\n\n\n\n<div class=\"wp-block-column is-layout-flow wp-block-column-is-layout-flow\" style=\"flex-basis:20%\">\n<div class=\"wp-block-group is-vertical is-content-justification-center is-layout-flex wp-container-core-group-is-layout-4b2eccd6 wp-block-group-is-layout-flex\"><\/div>\n<\/div>\n<\/div>\n\n\n\n<div class=\"wp-block-columns are-vertically-aligned-center is-layout-flex wp-container-core-columns-is-layout-9d6595d7 wp-block-columns-is-layout-flex\">\n<div class=\"wp-block-column is-vertically-aligned-center is-layout-flow wp-block-column-is-layout-flow\" style=\"padding-right:var(--wp--preset--spacing--30);padding-left:var(--wp--preset--spacing--30);flex-basis:50%\">\n<figure class=\"wp-block-image size-full has-custom-border\"><img loading=\"lazy\" decoding=\"async\" width=\"707\" height=\"353\" src=\"https:\/\/masterlogisticmc.com\/wp-content\/uploads\/2026\/04\/traportacion.png\" alt=\"\" class=\"wp-image-40\" style=\"border-radius:16px\" srcset=\"https:\/\/masterlogisticmc.com\/wp-content\/uploads\/2026\/04\/traportacion.png 707w, https:\/\/masterlogisticmc.com\/wp-content\/uploads\/2026\/04\/traportacion-300x150.png 300w\" sizes=\"auto, (max-width: 707px) 100vw, 707px\" \/><\/figure>\n\n\n\n<div style=\"height:24px\" aria-hidden=\"true\" class=\"wp-block-spacer\"><\/div>\n\n\n\n<h3 class=\"wp-block-heading has-text-align-center has-neve-text-color-color has-text-color\">Transporte pesado nacional<\/h3>\n\n\n\n<div style=\"height:40px\" aria-hidden=\"true\" class=\"wp-block-spacer\"><\/div>\n<\/div>\n\n\n\n<div class=\"wp-block-column is-vertically-aligned-center is-layout-flow wp-block-column-is-layout-flow\" style=\"padding-right:var(--wp--preset--spacing--30);padding-left:var(--wp--preset--spacing--30);flex-basis:50%\">\n<figure class=\"wp-block-image size-full has-custom-border\"><img loading=\"lazy\" decoding=\"async\" width=\"1536\" height=\"1024\" src=\"https:\/\/masterlogisticmc.com\/wp-content\/uploads\/2026\/04\/logistica-1.png\" alt=\"\" class=\"wp-image-65\" style=\"border-radius:16px\" srcset=\"https:\/\/masterlogisticmc.com\/wp-content\/uploads\/2026\/04\/logistica-1.png 1536w, https:\/\/masterlogisticmc.com\/wp-content\/uploads\/2026\/04\/logistica-1-300x200.png 300w, https:\/\/masterlogisticmc.com\/wp-content\/uploads\/2026\/04\/logistica-1-1024x683.png 1024w, https:\/\/masterlogisticmc.com\/wp-content\/uploads\/2026\/04\/logistica-1-768x512.png 768w, https:\/\/masterlogisticmc.com\/wp-content\/uploads\/2026\/04\/logistica-1-930x620.png 930w\" sizes=\"auto, (max-width: 1536px) 100vw, 1536px\" \/><\/figure>\n\n\n\n<h3 class=\"wp-block-heading has-text-align-center has-neve-text-color-color has-text-color\">Log\u00edstica y distribuci\u00f3n<\/h3>\n\n\n\n<div style=\"height:40px\" aria-hidden=\"true\" class=\"wp-block-spacer\"><\/div>\n<\/div>\n<\/div>\n<\/div><\/div>\n<\/div><\/div>\n\n\n\n\n\n<div class=\"wp-block-cover alignfull\" style=\"min-height:600px;aspect-ratio:unset;\"><span aria-hidden=\"true\" class=\"wp-block-cover__background has-nv-site-bg-background-color has-background-dim-100 has-background-dim\"><\/span><div class=\"wp-block-cover__inner-container is-layout-flow wp-block-cover-is-layout-flow\">\n<div class=\"wp-block-group\"><div class=\"wp-block-group__inner-container is-layout-flow wp-block-group-is-layout-flow\">\n<div style=\"height:80px\" aria-hidden=\"true\" class=\"wp-block-spacer\"><\/div>\n\n\n\n<div class=\"wp-block-columns are-vertically-aligned-center is-layout-flex wp-container-core-columns-is-layout-9d6595d7 wp-block-columns-is-layout-flex\">\n<div class=\"wp-block-column is-vertically-aligned-center has-link-color wp-elements-7baaa59a4f1582bdc1cf6bd8dabd933e is-layout-flow wp-block-column-is-layout-flow\" style=\"padding-right:var(--wp--preset--spacing--30);padding-left:var(--wp--preset--spacing--30);flex-basis:50%\">\n<div style=\"height:20px\" aria-hidden=\"true\" class=\"wp-block-spacer\"><\/div>\n\n\n\n<h2 class=\"wp-block-heading has-text-align-left has-nv-dark-bg-color has-text-color\">Visi\u00f3n<\/h2>\n\n\n\n<p class=\"has-text-align-left has-nv-dark-bg-color has-text-color has-link-color wp-elements-2a7efeba3f3866a0c4e7fa1c6ec63d26\" style=\"font-size:17px\">Ser la empresa l\u00edder y referente en el transporte pesado a nivel nacional e internacional, reconocida por nuestra innovaci\u00f3n tecnol\u00f3gica, la eficiencia operativa y nuestro compromiso inquebrantable con la seguridad y la sostenibilidad. Aspiramos a ser el socio estrat\u00e9gico preferido por las empresas que buscan optimizar su cadena de suministro, garantizando la integridad y la entrega oportuna de sus cargas m\u00e1s cr\u00edticas, a trav\u00e9s de soluciones log\u00edsticas integrales y de vanguardia.<\/p>\n\n\n\n<div class=\"wp-block-buttons has-custom-font-size has-small-font-size is-content-justification-left is-layout-flex wp-container-core-buttons-is-layout-fdcfc74e wp-block-buttons-is-layout-flex\"><\/div>\n<\/div>\n\n\n\n<div class=\"wp-block-column is-layout-flow wp-block-column-is-layout-flow\"><\/div>\n\n\n\n<div class=\"wp-block-column is-layout-flow wp-block-column-is-layout-flow\"><\/div>\n\n\n\n<div class=\"wp-block-column is-vertically-aligned-center has-nv-site-bg-color has-neve-link-hover-color-background-color has-text-color has-background has-link-color wp-elements-81360645af1a10822329fd6bf4036c19 is-layout-flow wp-block-column-is-layout-flow\" style=\"padding-right:var(--wp--preset--spacing--30);padding-left:var(--wp--preset--spacing--30);flex-basis:50%\">\n<div style=\"height:20px\" aria-hidden=\"true\" class=\"wp-block-spacer\"><\/div>\n\n\n\n<h2 class=\"wp-block-heading has-text-align-left has-nv-site-bg-color has-text-color\">Mision<\/h2>\n\n\n\n<p class=\"has-text-align-left has-nv-site-bg-color has-text-color\" style=\"font-size:17px\">Proporcionar servicios de transporte pesado de alta calidad, seguros y eficientes, utilizando tecnolog\u00eda avanzada y personal altamente capacitado para garantizar la m\u00e1xima satisfacci\u00f3n de nuestros clientes. Nos dedicamos a optimizar cada etapa del proceso log\u00edstico, desde la planificaci\u00f3n y el seguimiento hasta la entrega final, asegurando la integridad de la carga y el cumplimiento de los plazos. Buscamos construir relaciones de confianza a largo plazo, contribuyendo al \u00e9xito y crecimiento de nuestros clientes y operando bajo los m\u00e1s altos est\u00e1ndares de responsabilidad social y ambiental.<\/p>\n\n\n\n<div class=\"wp-block-buttons has-custom-font-size has-small-font-size is-content-justification-left is-layout-flex wp-container-core-buttons-is-layout-fdcfc74e wp-block-buttons-is-layout-flex\"><\/div>\n<\/div>\n<\/div>\n\n\n\n<div style=\"height:40px\" aria-hidden=\"true\" class=\"wp-block-spacer\"><\/div>\n<\/div><\/div>\n<\/div><\/div>\n\n\n\n\n\n<p><\/p>\n","protected":false},"excerpt":{"rendered":"<p>Tecnolog\u00eda moderna Seguridad garantizada Personal capacitado Entregas a tiempo<\/p>\n","protected":false},"author":1,"featured_media":0,"parent":0,"menu_order":0,"comment_status":"closed","ping_status":"closed","template":"","meta":{"neve_meta_sidebar":"","neve_meta_container":"","neve_meta_enable_content_width":"on","neve_meta_content_width":100,"neve_meta_title_alignment":"","neve_meta_author_avatar":"","neve_post_elements_order":"","neve_meta_disable_header":"","neve_meta_disable_footer":"","neve_meta_disable_title":"on","footnotes":""},"class_list":["post-9","page","type-page","status-publish","hentry"],"_links":{"self":[{"href":"https:\/\/masterlogisticmc.com\/index.php\/wp-json\/wp\/v2\/pages\/9","targetHints":{"allow":["GET"]}}],"collection":[{"href":"https:\/\/masterlogisticmc.com\/index.php\/wp-json\/wp\/v2\/pages"}],"about":[{"href":"https:\/\/masterlogisticmc.com\/index.php\/wp-json\/wp\/v2\/types\/page"}],"author":[{"embeddable":true,"href":"https:\/\/masterlogisticmc.com\/index.php\/wp-json\/wp\/v2\/users\/1"}],"replies":[{"embeddable":true,"href":"https:\/\/masterlogisticmc.com\/index.php\/wp-json\/wp\/v2\/comments?post=9"}],"version-history":[{"count":13,"href":"https:\/\/masterlogisticmc.com\/index.php\/wp-json\/wp\/v2\/pages\/9\/revisions"}],"predecessor-version":[{"id":73,"href":"https:\/\/masterlogisticmc.com\/index.php\/wp-json\/wp\/v2\/pages\/9\/revisions\/73"}],"wp:attachment":[{"href":"https:\/\/masterlogisticmc.com\/index.php\/wp-json\/wp\/v2\/media?parent=9"}],"curies":[{"name":"wp","href":"https:\/\/api.w.org\/{rel}","templated":true}]}}